er?
True
Is 107588497 a prime number?
True
Is 39820139 a composite number?
True
Is 53207351 a composite number?
False
Is 13200911 a composite number?
True
Is 865627 a composite number?
True
Is 7118317 a prime number?
True
Is 147460135 a prime number?
False
Is 94264607 a prime number?
False
Is 929717 a prime number?
True
Is 14819911 prime?
False
Is 9367927 prime?
False
Is 2020621 a composite number?
False
Is 448731509 prime?
False
Is 43490123 a prime number?
True
Is 1225451 prime?
False
Is 685869341 prime?
False
Is 469457 a composite number?
False
Is 109249 composite?
True
Is 1837229 composite?
True
Is 98192905 a composite number?
True
Is 16076191 a prime number?
True
Is 10026533 composite?
True
Is 3258217 a prime number?
True
Is 25251637 composite?
True
Is 20945209 prime?
True
Is 18887999 composite?
True
Is 6231347 composite?
False
Is 13366603 a composite number?
True
Is 3262342 a prime number?
False
Is 5896067 prime?
False
Is 22793809 a prime number?
False
Is 189099083 a composite number?
False
Is 15554309 composite?
False
Is 54522047 composite?
True
Is 5067047 a composite number?
False
Is 1018579 composite?
True
Is 50280523 a composite number?
False
Is 1511119 a prime number?
True
Is 23306515 a composite number?
True
Is 1189871 a composite number?
False
Is 400566401 a prime number?
False
Is 2164111 a composite number?
False
Is 9529477 prime?
False
Is 17537657 prime?
True
Is 133194469 a composite number?
False
Is 6754417 prime?
False
Is 17447849 prime?
True
Is 260145461 a prime number?
True
Is 332557709 a composite number?
True
Is 2061967 a composite number?
False
Is 3928633 composite?
True
Is 221220683 a composite number?
True
Is 3190909 a composite number?
False
Is 254887249 composite?
True
Is 103080047 composite?
True
Is 306334219 a composite number?
True
Is 13008353 prime?
True
Is 1954084481 a prime number?
False
Is 18663137 prime?
False
Is 12667763 composite?
True
Is 223505 a prime number?
False
Is 7081957 a composite number?
True
Is 6450865 a prime number?
False
Is 11575133 prime?
True
Is 68835983 a composite number?
False
Is 62648851 a prime number?
True
Is 11286743 composite?
True
Is 4644271 composite?
True
Is 15247577 composite?
True
Is 1053471 a composite number?
True
Is 332043 composite?
True
Is 28000733 a prime number?
True
Is 7431902 a composite number?
True
Is 6621529 a composite number?
False
Is 152273501 a prime number?
False
Is 23042419 a prime number?
False
Is 1119523 prime?
True
Is 1517959 a prime number?
False
Is 12964459 composite?
False
Is 30191189 composite?
True
Is 15332173 prime?
True
Is 9816997 a prime number?
True
Is 50651927 prime?
False
Is 8677937 composite?
True
Is 43556543 composite?
True
Is 5743973 prime?
False
Is 3930691 prime?
False
Is 41051233 a prime number?
False
Is 61871041 prime?
False
Is 111965653 composite?
True
Is 31175299 composite?
False
Is 21602029 a prime number?
True
Is 10838353 a prime number?
False
Is 1523161 a composite number?
False
Is 5646741 a composite number?
True
Is 12136883 composite?
True
Is 7580167 prime?
False
Is 90465334 a prime number?
False
Is 3412693 prime?
False
Is 23130151 a composite number?
True
Is 29578517 composite?
False
Is 33187531 prime?
False
Is 66252643 prime?
True
Is 155129783 a prime number?
True
Is 24313297 a composite number?
True
Is 39951217 prime?
False
Is 86547887 composite?
True
Is 1021697 a composite number?
False
Is 7159459 a composite number?
False
Is 3042613 prime?
False
Is 2201813 a prime number?
False
Is 1983833 a composite number?
False
Is 827615 a prime number?
False
Is 77962823 prime?
True
Is 7164413 prime?
True
Is 44412743 composite?
True
Is 334199167 a prime number?
True
Is 57990871 prime?
True
Is 316753 a prime number?
True
Is 25026017 composite?
True
Is 85334 composite?
True
Is 65884813 a composite number?
False
Is 4746515 composite?
True
Is 7041833 composite?
True
Is 439781791 prime?
True
Is 4042523 composite?
False
Is 5049323 a composite number?
True
Is 189820801 composite?
False
Is 688868207 composite?
False
Is 26049157 a prime number?
True
Is 6360989 prime?
True
Is 187531 composite?
False
Is 115262239 a composite number?
False
Is 154723 a prime number?
True
Is 18617 a composite number?
False
Is 53294537 composite?
True
Is 15266501 composite?
False
Is 14588053 a composite number?
False
Is 3659964283 prime?
True
Is 4919 a prime number?
True
Is 275577413 a composite number?
False
Is 119557 a composite number?
False
Is 15607993 prime?
False
Is 2628191 a prime number?
True
Is 300337834 composite?
True
Is 5687459 a composite number?
False
Is 11150063 a prime number?
True
Is 315509 composite?
True
Is 319679003 a composite number?
True
Is 1992353 composite?
True
Is 9550994 composite?
True
Is 597907 a composite number?
True
Is 6378211 a composite number?
True
Is 44030221 prime?
False
Is 43424737 composite?
True
Is 15730159 a composite number?
True
Is 492591355 a composite number?
True
Is 11698403 prime?
True
Is 42667099 a composite number?
True
Is 6450841 a composite number?
False
Is 488567 a composite number?
False
Is 1779191 a composite number?
False
Is 2028749 a composite number?
False
Is 575218109 prime?
False
Is 54241437 composite?
True
Is 325289191 prime?
False
Is 62088289 prime?
True
Is 2890483 a prime number?
True
Is 28641461 a composite number?
False
Is 1275487 a composite number?
True
Is 50668073 composite?
False
Is 2469149 prime?
True
Is 466717 a composite number?
False
Is 8894657 prime?
True
Is 12609803 a composite number?
False
Is 407191669 a prime number?
True
Is 55118519 a prime number?
True
Is 2063791 a prime number?
False
Is 22488007 composite?
False
Is 20173997 a prime number?
True
Is 14638919 prime?
False
Is 785549 a prime number?
True
Is 1193177 prime?
False
Is 968109239 prime?
True
Is 23871877 a prime number?
False
Is 51043493 a composite number?
False
Is 49704289 a composite number?
True
Is 6052341 composite?
True
Is 14625613 a composite number?
True
Is 55104605 composite?
True
Is 62434417 composite?
False
Is 63918397 a prime number?
True
Is 15010207 composite?
False
Is 34605313 a composite number?
False
Is 8728439 a prime number?
False
Is 28837871 composite?
True
Is 1285759 a composite number?
False
Is 1222811 a prime number?
True
Is 46655389 a composite number?
True
Is 25528753 a prime number?
True
Is 23102357 a prime number?
False
Is 98351389 a prime number?
False
Is 1114193 prime?
True
Is 89363005 a prime number?
False
Is 60967583 a prime number?
False
Is 59047297 prime?
True
Is 11041111 prime?
True
Is 643199 prime?
True
Is 15431027 prime?
True
Is 11840813 a composite number?
False
Is 237431 a composite number?
True
Is 43881917 prime?
True
Is 5406193 a composite number?
True
Is 240199211 prime?
False
Is 268353881 a composite number?
True
Is 6117347 a prime number?
False
Is 783269 a prime number?
True
Is 21984379 prime?
False
Is 738029 composite?
False
Is 656614879 a composite number?
True
Is 5684303 a prime number?
False
Is 3229169 composite?
False
Is 6168959 a prime number?
False
Is 39347323 prime?
False
Is 16931627 composite?
True
Is 3014839 composite?
False
Is 145328171 a composite number?
False
Is 107953409 a composite number?
True
Is 36857459 a composite number?
False
Is 4839347 a composite number?
False
Is 2102983 a prime number?
False
Is 1427203 prime?
False
Is 16736909 a composite number?
True
Is 190414273 composite?
True
Is 4616789 a composite number?
False
Is 1220393 a prime number?
True
Is 22542263 a prime number?
True
Is 10549934 prime?
False
Is 4134161 a prime number?
True
Is 468353 prime?
True
Is 380624831 composite?
False
Is 8976029 composite?
False
Is 684493 a prime number?
True
Is 291191 a prime number?
True
Is 5141219 a composite number?
False
Is 809629 composite?
False
Is 27606223 a composite number?
True
Is 5711793 prime?
False
Is 8722157 composite?
True
Is 1265507 composite?
True
Is 184541219 a composite number?
False
Is 3112859369 composite?
False
Is 694717 a composite number?
False
Is 598273703 a prime number?
True
Is 55840739 composite?
False
Is 1516741 a composite number?
True
Is 69733673 a prime number?
True
Is 1451158 prime?
False
Is 392034107 a composite number?
False
Is 15244199 a prime number?
True
Is 93282691 prime?
False
Is 3184507 composite?
True
Is 29630197 prime?
True
Is 123527 a prime nu